- 5*m - 2. Let y be j(6). Suppose -n = -w - 3*n + 11, 0 = -4*w + n - 1. Let b(a) = w + 1 + a - 1. Determine b(y).
5
Suppose -3 = 2*g - 5*g. Let p(x) = g + 1 + x - 2*x. Let y be (8/(-12))/(4/18). Give p(y).
5
Suppose -g - 2*d - 16 = 0, -g + 3 = d + 14. Let y(u) = 2*u - u + 3 + 2. Give y(g).
-1
Let j(s) be the first derivative of -s**4/4 - 3*s**3 + 11*s**2/2 + 5*s - 44. Determine j(-10).
-5
Let w(s) = 2 + 0*s - 5*s + 9*s**3 + 2*s**2 - 3*s**2. Let z(l) = 8*l**3 - l**2 - 4*l + 1. Let o(g) = 2*w(g) - 3*z(g). Suppose 2 = -8*b - 6. Give o(b).
6
Suppose 0 = -3*k + 3*v + 6, 3 + 2 = -5*v. Let x(t) be the third derivative of 1/6*t**3 + t**2 - 1/8*t**4 + 0 + 0*t. Determine x(k).
-2
Let q(d) = -2*d**2 + d**2 + 3 + 0 + 5 - d. Let f(z) = -z**2 - 6*z. Let x be f(-6). What is q(x)?
8
Let y(k) = k - 5. Let p be y(9). Let w(v) be the third derivative of v**6/120 - v**5/20 - v**4/6 + v**3/2 + v**2. Determine w(p).
3
Let d = -2 + 4. Let i = d - 1. Let s(g) = -2*g**3 - 3*g + 4*g - g**3 - i. Determine s(1).
-3
Let j(a) be the second derivative of a**5/20 - a**4/12 + a**3/3 + a**2/2 + a. Suppose 0 = -3*m + c + 3, -14 = -3*m - 2*c - 2. Give j(m).
9
Let w(h) be the first derivative of -1/4*h**4 - 3 + 4*h + 0*h**3 + 1/2*h**2. Give w(0).
4
Let l(d) = -5*d - 14. Let u(c) = -c. Let p(y) = l(y) - 6*u(y). Determine p(6).
-8
Let a(h) be the first derivative of -h**2 - 4*h - 103. Let t be 2/(-8) - (-30)/(-8). Calculate a(t).
4
Suppose 0 = -0*z - 3*z. Let d(b) = b**2 + b - 7. Determine d(z).
-7
Let s(j) be the second derivative of j**3/3 - 9*j**2/2 - 26*j. Calculate s(8).
7
Let t(o) = -o**2 - 7*o - 1. Let f(i) = i**2 - 29*i + 22. Let s be f(28). Calculate t(s).
5
Let y be 11 + -7 - 1*3. Let p(j) = -j + 2. What is p(y)?
1
Let i(p) = p + 3. Let j = 42 - 46. Determine i(j).
-1
Let y(x) be the first derivative of 16*x**3/3 + 7*x**2 - 15*x - 3. Let k(o) = 3*o**2 + 3*o - 3. Let t(u) = 11*k(u) - 2*y(u). Determine t(-5).
-3
Let z(v) = -v + 10. Let q be 45/4 - (-10)/(-40). Let s = -6 + q. Determine z(s).
5
Let o(w) = -w**2 + w + 3. Let z(j) = j - 6. Let b be z(2). What is o(b)?
-17
Let f(j) = 2*j - 8. Suppose -k = 9 - 0. Let m = 15 + k. What is f(m)?
4
Let s(j) = -5*j**3 - 5*j**2 - 5*j + 1. Let i(f) = -11*f**3 - 10*f**2 - 10*f + 3. Let d(w) = 4*i(w) - 9*s(w). What is d(-3)?
6
Let j(m) = -m**2 - 5*m + 6. Let n be j(-6). Let w(f) = f**2 + f - 8. Calculate w(n).
-8
Let r = -15 + 16. Let i(j) = j - r + 2 + 0 - 2. Determine i(-2).
-3
Let t(m) = -m**3 - 11*m**2 - 9*m + 6. Let i be 198/(-18) - (-2 + 1). What is t(i)?
-4
Suppose -n + 1 = -1. Suppose 0 = 3*q - 3*l - 30, l - 2*l = n*q - 8. Let h(b) = -b**3 + 6*b**2 - b + 8. Calculate h(q).
2
Suppose 2*o + 0*o = 0. Let t(v) = 4 - 5*v - 2*v**2 - 5 + v**2 + o*v. What is t(-6)?
-7
Let r(o) = 5*o**2 + 2*o + 1. Let h = 4 - 4. Suppose -t + h = 1. What is r(t)?
4
Let w(l) = l**3 - 3*l**2 - 3*l + 5. Let c be w(3). Let g(o) = o**3 + 5*o**2 + o - 4. Calculate g(c).
8
Suppose 3*w - 17 = -2*r, r + 3*r = -5*w + 31. Suppose 9 = w*a - 6. Suppose -a*l - 5 = 5. Let q(h) = -3*h**2 - 2*h + 1. What is q(l)?
-7
Let p(y) be the second derivative of -y**4/12 - 5*y**3/6 - 5*y. Calculate p(-5).
0
Let j(i) = i**3 - i**2 - i + 7. Let r(k) = k - 4. Let t be r(10). Let a = 10 - 14. Let m be t/a + 6/4. Give j(m).
7
Let p(i) = -2*i + 32. Let z(a) = -a + 21. Let l(o) = 5*p(o) - 8*z(o). Determine l(-8).
8
Let n(x) = x**3 + 4*x**2 - 4*x + 5. Let a be n(-5). Let c(y) be the second derivative of -1/6*y**3 + 0 - 2*y - 3*y**2 + 1/12*y**4. Calculate c(a).
-6
Let v(n) = -n**3 + 4*n**2 - n - 2. Let m be 6*((-32)/12 - -2). Let j(p) = 3 - 3*p**3 + 0 + 4*p + 4*p**3 + 5*p**2. Let g be j(m). Calculate v(g).
4
Suppose 0 + 14 = b. Let m be (-2)/(-10) - b/(-5). Let o(r) = -r**2 + 5*r**2 + 2 - 5*r - m*r**2. What is o(2)?
-4
Let a(q) = 4*q - 3. Let h(n) = n - 1. Let u(o) = -a(o) + 3*h(o). Let x(w) = -w**3 - 3*w**2 + 2*w - 5. Let g be x(-4). What is u(g)?
-3
Let v be -2*-1*(-6)/(-4). Let j = v - 4. Let k(f) = 5*f. What is k(j)?
-5
Let w(l) = -4*l**3 + 12*l**2 - 10*l + 1. Let g(x) = -11*x**3 + 35*x**2 - 29*x + 2. Let i(y) = 3*g(y) - 8*w(y). What is i(8)?
6
Let b(m) = -2*m**2 + 3*m**2 - 2*m**2 + 1 + m + m**3. Let x be 0/(2 + -1 - 2). Calculate b(x).
1
Let y(j) be the third derivative of j**6/120 - j**5/10 + 5*j**3/6 - 4*j**2. Give y(6).
5
Let p(r) = -r - 1. Let v(u) = -u**2 + 8*u - 1. Let i(n) = -p(n) - v(n). Give i(3).
-10
Let d(v) be the first derivative of v**4/4 - v**3/3 - 10*v - 25. Let n = 2 - 2. Calculate d(n).
-10
Let a = 11 + -10. Let p(h) = 3*h + 1. What is p(a)?
4
Let l(d) = d - 3. Let r = 23 - 16. Calculate l(r).
4
Let z(a) = 2*a**2 + 15*a - 3. Let t = 3 - 0. Let r(c) = -c**2 - 8*c + 2. Let l(u) = t*z(u) + 5*r(u). Suppose -3*h - 23 = -8. What is l(h)?
1
Let y(j) be the first derivative of 3*j**2/2 - 6*j - 16. Calculate y(-5).
-21
Suppose -s - 1 - 5 = 0. Let n be ((-2)/s)/((-2)/(-30)). Let o(k) = k + n - 2 + 0*k - k**2. Determine o(4).
-9
Suppose 4*k = -3*o - 0*o + 19, -o + k = 3. Let u(m) = -o + 10*m + 4*m - 2*m - 2*m. Calculate u(-1).
-11
Suppose 5*t = 2*d + 17 - 1, 0 = 5*d - 4*t + 6. Suppose -2 - 2 = d*k. Let s be 1*(k + 1) + -1. Let b(x) = x**2 - x - 2. Give b(s).
4
Let o(q) = -3*q + 5 + 6 + 2*q. What is o(8)?
3
Let n(x) = 3*x + 4*x**2 + 18*x**3 + 1 - 11*x**3 - 6*x**3. Give n(-3).
1
Let o(q) = 4*q**3 - 2*q**2 + q. Suppose 2*u + 5*t = 7, -4*u + 2*t - 1 = -3*u. Give o(u).
3
Let b(f) = -6*f**2 - 13*f + 1. Suppose 0 = -5*g - 18 - 7. Let h(t) = -12*t - 3*t**2 - 4*t**2 + 2*t**2. Let u(c) = g*h(c) + 4*b(c). Give u(-5).
-11
Let v be (-17)/(-4) + 2/(-8). Let p(x) = v + 0 - 2 + x - 4. Let w be p(4). Let i(d) = -d**3 + 4*d**2 - 3*d. Give i(w).
2
Let v(i) = -6*i + 4. Let m(o) = -1. Suppose d = 5*l + 39 - 14, 15 = -3*l - 4*d. Let x(a) = l*m(a) - v(a). Suppose -3 = 5*j - 2*j. Calculate x(j).
-5
Let l(n) = -4*n**3 + 19*n - 4*n**3 - 1 - 17*n. Give l(1).
-7
Suppose 1 = v + 6. Let h(k) = k**3 + 8 - 7*k**2 + 2 + 4*k + k**3. Let j(i) = 3*i**3 - 13*i**2 + 9*i + 19. Let f(n) = -5*h(n) + 3*j(n). What is f(v)?
-3
Let h = -4 + 1. Suppose -5*k = 5*f, -2*k + 3*k - 5*f - 18 = 0. Let t(w) = w**k + 4 + 4*w**2 + 0 + 2*w - 1. Calculate t(h).
6
Let k(y) = -7*y**3 - 10*y**2 - 13*y - 4. Let x(r) = 4*r**3 + 5*r**2 + 7*r + 2. Let q(t) = 3*k(t) + 5*x(t). What is q(-3)?
-8
Let n be (-4)/22 + (-86)/11. Let b(q) = -5*q + 12. Let d(x) = -3*x + 8. Let r(j) = n*d(j) + 5*b(j). Give r(-5).
1
Let c(u) = u**3 - 2*u**2 + 3*u - 3. Suppose -2*d = -4*d. Let x(z) = 12*z**3 - 11*z**3 - 1 + 3. Let f be x(d). Calculate c(f).
3
Let g = -9 - -6. Let w(q) = -q**2 + 4*q - 18. Let b(c) = -c**2 + 3*c - 17. Let o(x) = g*w(x) + 4*b(x). Give o(0).
-14
Let y(g) = -g - g**3 + 3*g**3 - 3*g**3 - 1 + g**2. Suppose -4*v + 9 = 5*s, -2*s - 2 = 5*v - 2*v. Let q be (v/7)/(4/(-14)). Give y(q).
-7
Let s = 3 + -1. Let l(v) = -3*v - 5. Let a(t) = -2*t - 3. Let d(x) = 5*a(x) - 3*l(x). Calculate d(s).
-2
Suppose 2*a + 10 = 7*a, -5*a + 24 = r. Suppose r*q + 12 = 18*q. Let f(n) = -3*n + 1. Give f(q).
-8
Let s(n) be the first derivative of -n**4/4 + 4*n**3/3 + n**2/2 + 3*n + 24. Give s(4).
7
Let b(f) = -f**3 + 2*f - 1. Let c be (-2)/12 + 50/12. Suppose 4*j = -5*a - 2, 0*a - c*a + 3*j + 17 = 0. Calculate b(a).
-5
Suppose -u + 6*z = z - 19, u - 5 = -2*z. Let g(w) = w - 12. Let b be g(u). Let v(p) = -p - 5. Calculate v(b).
-2
Let n be 1/(2 + (-5)/3). Let w(y) = -y - 2. Let f(t) = 4*t + 8. Let v(l) = -2*f(l) - 9*w(l). Give v(n).
5
Let s(g) = -13*g + 6. Let c(w) = -11*w + 7. Let q(x) = -6*c(x) + 5*s(x). Calculate q(11).
-1
Suppose 4*q - h - 2*h - 19 = 0, -3*q = 5*h - 7. Suppose 2 = -q*b - 6. Let z(o) = 3*o. Determine z(b).
-6
Let y(k) = k**3 + 7*k**2 + 6*k - 3. Let p(s) = 2*s - 1. Let n be p(2). Suppose -5*z = -20, -n*r = -3*z - z + 34. What is y(r)?
-3
Let f(v) = -6*v**3 - 3*v**2 + v + 1. Let l(k) = k**2. Let d(g) = f(g) + 2*l(g). Determine d(-1).
5
Let y(c) be the third derivative of -c**6/120 + c**5/15 + c**4/12 + 7*c**3/6 - 2*c**2 - 2. What is y(5)?
-8
Let s(l) = -5. Let c(v) = -v - 1. Let z(x) = -2*c(x) - s(x). Let r(h) = -3*h - 6. Let n(b) = -3*r(b) - 4*z(b). Determine n(0).
-10
Let h(w) = -w**3 - 4*w**2 + w. Let g(o) = o**2 - 1. Suppose 0 = -3*u + 2 + 1. Let k(d) = u*h(d) - 3*g(d). Determine k(-7).
-4
Suppose -9*o - 5 = -4*o. Let s(c) = c - 5*c**3 + 16 + 0*c**2